on factor of 741 and 117.
39
What is the highest common divisor of 182 and 3250?
26
Calculate the highest common divisor of 77 and 35.
7
Calculate the greatest common divisor of 9 and 363.
3
Calculate the highest common factor of 189 and 42.
21
What is the highest common divisor of 175 and 6250?
25
Calculate the highest common divisor of 86 and 473.
43
Calculate the highest common factor of 5894 and 56.
14
What is the greatest common divisor of 34 and 136?
34
What is the highest common factor of 275 and 5995?
55
Calculate the highest common factor of 1512 and 306.
18
What is the greatest common divisor of 198 and 18?
18
What is the greatest common divisor of 817 and 779?
19
What is the highest common factor of 825 and 627?
33
Calculate the greatest common divisor of 2021 and 86.
43
Calculate the greatest common divisor of 172 and 7568.
172
Calculate the highest common factor of 732 and 915.
183
What is the highest common divisor of 26 and 117?
13
What is the greatest common divisor of 740 and 148?
148
Calculate the highest common factor of 2107 and 86.
43
Calculate the highest common factor of 792 and 48.
24
What is the highest common factor of 130 and 30?
10
What is the greatest common divisor of 234 and 26?
26
What is the highest common divisor of 54 and 2133?
27
What is the greatest common divisor of 22 and 66?
22
Calculate the highest common factor of 22 and 3883.
11
Calculate the greatest common factor of 20 and 2780.
20
Calculate the highest common divisor of 3899 and 49.
7
What is the greatest common divisor of 7 and 91?
7
What is the greatest common divisor of 18 and 774?
18
Calculate the highest common factor of 22 and 4.
2
Calculate the greatest common factor of 34 and 2.
2
Calculate the greatest common factor of 48 and 156.
12
Calculate the greatest common divisor of 184 and 16.
8
What is the highest common divisor of 5055 and 15?
15
What is the highest common factor of 3252 and 24?
12
What is the highest common factor of 9 and 207?
9
What is the greatest common factor of 3 and 1731?
3
Calculate the highest common divisor of 3472 and 3689.
217
Calculate the highest common factor of 352 and 688.
16
What is the highest common divisor of 10 and 18120?
10
What is the highest common divisor of 837 and 27?
27
Calculate the greatest common divisor of 184 and 13064.
184
What is the highest common factor of 128 and 40?
8
What is the highest common divisor of 86 and 4558?
86
Calculate the greatest common factor of 150 and 1695.
15
Calculate the highest common factor of 1612 and 62.
62
What is the greatest common divisor of 19 and 2356?
19
Calculate the highest common factor of 88 and 31196.
44
Calculate the highest common divisor of 36036 and 26.
26
Calculate the highest common factor of 43 and 7.
1
Calculate the greatest common divisor of 728 and 455.
91
What is the highest common factor of 67 and 1?
1
What is the greatest common divisor of 1 and 764?
1
What is the greatest common factor of 68 and 51?
17
What is the greatest common divisor of 5967 and 204?
51
What is the highest common divisor of 1160 and 638?
58
What is the greatest common factor of 35 and 63?
7
Calculate the greatest common divisor of 969 and 204.
51
Calculate the highest common divisor of 20 and 435.
5
Calculate the highest common factor of 1254 and 88.
22
What is the greatest common divisor of 1 and 43?
1
What is the highest common factor of 3071 and 83?
83
Calculate the greatest common divisor of 46 and 2162.
46
What is the greatest common factor of 9593 and 181?
181
Calculate the highest common factor of 80 and 80.
80
What is the highest common factor of 2346 and 18?
6
Calculate the greatest common factor of 882 and 378.
126
What is the greatest common divisor of 297 and 407?
11
What is the greatest common divisor of 4 and 1?
1
What is the highest common factor of 13 and 190177?
13
Calculate the greatest common factor of 516 and 300.
12
What is the highest common divisor of 144 and 9153?
9
Calculate the greatest common factor of 1856 and 128.
64
Calculate the highest common divisor of 231 and 165.
33
Calculate the greatest common factor of 545 and 10.
5
Calculate the greatest common divisor of 6 and 18246.
6
Calculate the highest common factor of 1190 and 102.
34
Calculate the highest common divisor of 854 and 14.
14
Calculate the greatest common factor of 72 and 11574.
18
What is the greatest common divisor of 516 and 96?
12
Calculate the greatest common factor of 4891 and 73.
73
Calculate the highest common factor of 358 and 2.
2
Calculate the highest common divisor of 14462 and 14.
14
What is the greatest common divisor of 76 and 19?
19
What is the greatest common factor of 3216 and 8?
8
Calculate the highest common divisor of 440 and 44.
44
What is the highest common divisor of 58 and 3886?
58
What is the highest common factor of 935 and 88?
11
Calculate the greatest common divisor of 490 and 196.
98
What is the greatest common divisor of 3995 and 85?
85
Calculate the greatest common divisor of 392 and 147.
49
Calculate the greatest common factor of 1624 and 56.
56
Calculate the highest common divisor of 300 and 1950.
150
What is the greatest common divisor of 2624 and 123?
41
Calculate the highest common divisor of 361 and 38.
19
Calculate the greatest common divisor of 5 and 1.
1
What is the greatest common divisor of 156 and 1092?
156
What is the greatest common divisor of 76 and 5624?
76
Calculate the greatest common factor of 11 and 175.
1
What is the greatest common factor of 735 and 70?
35
Calculate the highest common divisor of 104 and 39.
13
Calculate the highest common factor of 215 and 15.
5
What is the highest common divisor of 48 and 8?
8
Calculate the greatest common divisor of 1261 and 485.
97
What is the highest common divisor of 235 and 5?
5
Calculate the highest common divisor of 60 and 735.
15
What is the greatest common factor of 15965 and 155?
155
What is the highest common divisor of 160 and 50?
10
What is the highest common factor of 24 and 6312?
24
What is the highest common factor of 27 and 29?
1
What is the greatest common factor of 20 and 3540?
20
Calculate the greatest common divisor of 58 and 2.
2
Calculate the greatest common factor of 144 and 936.
72
Calculate the greatest common divisor of 128 and 112.
16
Calculate the greatest common divisor of 102 and 13413.
51
What is the highest common factor of 8241 and 67?
67
What is the highest common factor of 108 and 1422?
18
What is the greatest common divisor of 406 and 66178?
406
Calculate the highest common factor of 960 and 285.
15
Calculate the greatest common divisor of 159 and 583.
53
What is the highest common factor of 52 and 832?
52
What is the greatest common factor of 12 and 12?
12
Calculate the greatest common divisor of 23 and 46.
23
What is the greatest common factor of 114 and 33?
3
Calculate the highest common divisor of 2604 and 84.
84
What is the greatest common factor of 84 and 378?
42
What is the greatest common divisor of 7047 and 87?
87
Calculate the greatest common divisor of 67 and 536.
67
Calculate the highest common factor of 44 and 2970.
22
Calculate the greatest common divisor of 20 and 200.
20
Calculate the greatest common factor of 494 and 52.
26
What is the greatest common factor of 105 and 63?
21
What is the highest common divisor of 171 and 9?
9
Calculate the greatest common divisor of 34 and 62764.
34
Calculate the highest common divisor of 133 and 56.
7
What is the highest common factor of 18 and 186?
6
What is the greatest common factor of 667 and 87?
29
Calculate the greatest common divisor of 132 and 572.
44
What is the highest common divisor of 96 and 14160?
48
Calculate the highest common factor of 348 and 36.
12
What is the highest common divisor of 1 and 128?
1
What is the highest common divisor of 50 and 575?
25
Calculate the greatest common divisor of 88 and 132.
44
Calculate the greatest common factor of 38 and 6.
2
What is the highest common divisor of 11 and 539?
11
What is the highest common divisor of 352 and 44?
44
What is the greatest common factor of 6 and 4260?
6
Calculate the highest common factor of 1397 and 381.
127
Calculate the greatest common divisor of 1036 and 28.
28
What is the highest common factor of 3973 and 58?
29
Calcu